 when (-8 - (-624)/30)/(2/5) is divided by t?
8
Let p be (-6)/8*(-4)/1. Suppose -92 - 55 = -p*u. Let v(n) = -n**3 - 21*n**2 - 39*n - 6. What is the remainder when u is divided by v(-19)?
10
Let d(c) = 48*c - 44. What is the remainder when d(7) is divided by 12?
4
Let m be (-8)/(-2) - (1 + (0 - 2)). Suppose y + 14 + 4 = m*b, b = y + 2. What is the remainder when 8 is divided by y?
0
Let k(v) = v**3 + 5*v**2 + 4*v + 2. Let x(n) = n**2 + 9*n. Let u be x(-10). Suppose u*d - 21 = 3*d. Calculate the remainder when d is divided by k(-4).
1
Let t(v) = 2*v**2 + 6*v + 2. Let f be (1 + (-11)/5)/((-24)/80). Suppose w = -1, 0*l + 3*l - 22 = f*w. What is the remainder when t(-5) is divided by l?
4
Let p(a) = a**2 + 7*a + 8. Let v be p(-6). Let d be (3 - v)*(-29)/(-1). Suppose -122 + d = -3*r. What is the remainder when r is divided by 8?
7
Let l(u) = -u**3 - 3*u**2 - 2*u. Let a be l(-2). Suppose -2*k = -4*g + 4, 6*k - k + 5*g - 35 = a. What is the remainder when 7/2*(5 + -3) is divided by k?
3
Suppose -5 = q - 30. What is the remainder when q is divided by 8 + (-35 + 29 - (-6 - 2/2))?
7
Let x(c) = -4*c + 1. Suppose 0 = 5*l - l + 108. Let r = l + 45. What is the remainder when r is divided by x(-1)?
3
Suppose 0 = 2*o - 4*o + 50. Let a(j) = -37*j. What is the remainder when a(-2) is divided by o?
24
Let q be 9/12*(-22 + -2). Let h = -29 - q. Let t = 35 + h. Calculate the remainder when t is divided by 9.
6
Suppose -9*t + 4*t = -2*m + 217, -t = -2*m + 205. Calculate the remainder when 207 is divided by m.
5
Let l = -156 - -176. What is the remainder when 110 is divided by l?
10
Suppose 3*u - 5*t = -361, 3*u - 2*t = 2*t - 362. Let m = 179 + u. Calculate the remainder when 112 is divided by m.
55
Let u(s) = s**3 - 17*s**2 + 15*s + 20. Let i be u(16). Suppose m = 3*f + 4*m - 6, 3*m + 43 = i*f. What is the remainder when f is divided by 2 - 3 - (0 - 3)?
1
Suppose 4*g = -x + 20, -g = -4*x - 2*g + 50. What is the remainder when x is divided by 7?
5
Let d = 249 + -238. What is the remainder when 36 is divided by d?
3
Suppose 0 = 3*z + 3*p - 60, -4*z + 4*p - 23 = -5*z. Suppose -n - 36 = -4*n. Let k = n - 5. Calculate the remainder when z is divided by k.
5
Suppose -d + 36 = d. Calculate the remainder when 96 is divided by d.
6
Suppose -2*p + 9*p + p = 0. Let x(a) = 2*a**2 + a + 77. Calculate the remainder when x(p) is divided by 10.
7
Let d be 10*11*(-3)/6. Let v be (-2)/(-6) - d/15. Suppose 2*i + v*s - 64 = 0, -i = -2*i + 4*s + 38. What is the remainder when i is divided by 12?
10
Let x = -21 + 32. Let p be 1/(23/(-24) + 1). Suppose p - 3 = f. Calculate the remainder when f is divided by x.
10
Let y = 48 + -33. Suppose -7*m = -2*m - y. Suppose 5*b = -3*c + 21 + 19, 12 = 6*b. What is the remainder when c is divided by m?
1
What is the remainder when (-220)/(-880)*(453 - 1) is divided by 12?
5
Suppose -14218 + 10984 = -2*i. Calculate the remainder when i is divided by 45.
42
Suppose k = 2*g - 424, k + 412 + 222 = 3*g. What is the remainder when g is divided by 57?
39
Let d = 24 + -84. Let l = d + 173. Calculate the remainder when l is divided by 57.
56
Let m = 148 - 79. What is the remainder when m is divided by (-13 - 6)*(2 + -3)?
12
Let b = -363 - -220. Let z = 323 + b. Suppose -3*m = m - z. Calculate the remainder when m is divided by 12.
9
Let q be (-4)/(-10) - (-532)/70. What is the remainder when (-2 + q)*(-4)/(-3) is divided by 5?
3
Let b = -235 + 483. Suppose p + 7*p = b. Calculate the remainder when 120 is divided by p.
27
Let l(z) = -z**3 + 19*z**2 + 22*z - 37. Suppose -1 - 11 = -3*g. Calculate the remainder when g is divided by l(20).
1
Let w(l) = 3*l**3 - 5*l**2 - 12*l + 4. Calculate the remainder when w(5) is divided by 50.
44
Suppose 0 = -3*h + f + 173, 0 = 4*h - f + 2*f - 226. Calculate the remainder when h is divided by 4.
1
Suppose -3*m = -m + b - 23, -41 = -4*m - 3*b. Suppose 0 = -11*n + 75 - 31. Calculate the remainder when m is divided by n.
2
Let b(d) = -20*d - 747. Let c = -65 - -94. Calculate the remainder when b(-43) is divided by c.
26
Let i = 74 + -154. Calculate the remainder when 61 is divided by ((-10)/(i/(-12)))/((-2)/28).
19
Suppose 99 = i + 6*m, m - 5*m = -2*i + 134. What is the remainder when i is divided by 21?
12
Let p(u) be the first derivative of -3*u**2/2 + 17*u - 17. What is the remainder when p(-10) is divided by 10?
7
Calculate the remainder when 320 is divided by (-4)/((-96)/270)*(2 + 2).
5
Calculate the remainder when 282 is divided by (-16)/(-176) - (-492)/33.
12
Suppose -4*o - 215 = -5*g + 314, g - o - 105 = 0. What is the remainder when g is divided by 38?
33
Suppose 152 = 1227*t - 1219*t. What is the remainder when 120 is divided by t?
6
Suppose 3*t = r - 5 - 216, -5*t = -5. What is the remainder when r is divided by 15?
14
Suppose 5*d - 87 = -87. Suppose d = 2*y - 53 - 73. What is the remainder when y is divided by 16?
15
Suppose -185 = -7*c + 102. Calculate the remainder when c is divided by 22.
19
Let x = -303 + 577. Calculate the remainder when x is divided by 29.
13
What is the remainder when 19 is divided by (-27 - (-1 - 4))/(-2)?
8
Let q = -315 - -343. Calculate the remainder when q is divided by 13.
2
Let i be 1 + -1 + 39 + -3. Suppose -3*r - 3 = -i. What is the remainder when r is divided by 3?
2
Let l(u) = -8*u**3 - 3*u**2 + 4*u + 4. Calculate the remainder when l(-2) is divided by 10.
8
Let n(s) = s**2 - 3*s - 12. Let x be n(5). What is the remainder when 19 is divided by (3/(-24)*4)/(x/20)?
4
Suppose -18 = -2*g - 4*m, 0 = -g - 3*m + 7*m - 9. Suppose -4*l + 0*l = -84. What is the remainder when l is divided by g/2*396/54?
10
Let g(v) = -v - 18. Let n be g(-22). Let m(j) = -j**3 + 4*j**2 + 6*j - 14. What is the remainder when 38 is divided by m(n)?
8
Suppose 0 = -3*m + 17 + 76. Let o be 3965/52 + 3/4. Let t = o + -66. Calculate the remainder when m is divided by t.
9
Suppose -3*b + a = -4 - 8, 0 = 2*b + 4*a - 8. What is the remainder when b/(-10) - (-171)/15 is divided by (2/8)/((-7)/(-196))?
4
Let j(x) = 17*x**3 - x**2 - 5*x + 6. What is the remainder when 76 is divided by j(1)?
8
Let p = -8 - -11. Suppose 0 = -8*c + 113 + 7. Suppose p*f = -2*f + c. Calculate the remainder when 3 is divided by f.
0
Calculate the remainder when ((-720)/(-225))/((-2)/(-110)) is divided by 54.
14
Suppose 2*v - 8 = -0*v. Calculate the remainder when (-16)/(-16)*(7 + 1 + 1) is divided by v.
1
Let q(p) = -p**2 + 13*p + 10. Let t be q(11). Suppose 3*i + 2*g - 31 = 6*i, -2*g = 4*i + t. Let r = i - -18. What is the remainder when 25 is divided by r?
7
Suppose 4*c + 0*c + 94 = -2*g, -149 = 3*g + 2*c. Let a = g + 105. What is the remainder when a is divided by 14?
12
Suppose 12*l = -6*l + 54. What is the remainder when 19 is divided by l?
1
Let z(b) = b**3 + 2*b**2 - 2*b - 7. Let a be z(-3). Calculate the remainder when 30 is divided by a/(-1)*(-42)/(-35).
6
Let d be (-4 + -25)/(-1 - 0). Suppose -4*x + 4*k = x - 89, 0 = -x - 2*k + 29. Let f = d - x. Calculate the remainder when f is divided by 3.
2
Suppose -3*y + 2 = -4. Suppose 3*f = -3 - 9, -y*b = -2*f - 212. Calculate the remainder when b is divided by 21.
18
Let z(f) = -51*f - 60. Calculate the remainder when 107 is divided by z(-2).
23
Let g = -15 + 40. Suppose -b = -11 - 45. Let r = b - 43. Calculate the remainder when g is divided by r.
12
Suppose 284 - 108 = 4*u. What is the remainder when 128 is divided by u?
40
Let b(i) = 2*i**3 - 7*i**2 - 54*i - 20. Calculate the remainder when b(9) is divided by 95.
5
Suppose -39*y + 660 = 270. Calculate the remainder when 14 is divided by y.
4
Suppose v - 6*v = -50. Let d be (-100)/(-26) - v/(-65). Suppose 0 = s - d*s + 183. Calculate the remainder when s is divided by 16.
13
Let s = 104 + -7. Calculate the remainder when 1259 is divided by s.
95
Suppose -12 = -3*c - 3. Suppose c*k - 76 = -4*y, 2*y - 4*y + 8 = 0. What is the remainder when k is divided by 11?
9
What is the remainder when 50 is divided by (7/(98/35))/(4/8)?
0
Suppose -2184 = -26*i + 14*i. What is the remainder when i is divided by 25?
7
Let d(b) = 4*b**2 - 123*b - 760. Calculate the remainder when d(-6) is divided by 35.
17
Suppose 5*z + 2*a - 45 = 160, -41 = -z + 2*a. Calculate the remainder when 81 + 16/(-8) - -2 is divided by z.
40
Suppose -5*d + 66 = -4. Let n(u) = u**